{"id":54,"date":"2021-01-14T15:14:03","date_gmt":"2021-01-14T14:14:03","guid":{"rendered":"https:\/\/www.jean-pierre-rivalain.com\/?page_id=54"},"modified":"2021-01-20T10:11:27","modified_gmt":"2021-01-20T09:11:27","slug":"realisation-de-documentaire","status":"publish","type":"page","link":"http:\/\/www.jean-pierre-rivalain.com\/fr_fr\/realisation-de-documentaire\/","title":{"rendered":"R\u00e9alisation de Documentaire"},"content":{"rendered":"\n<p class=\"has-titan-white-color has-text-color\" style=\"font-size:25px\"><strong>R\u00e9alisateur\/Cam\u00e9raman du documentaire\u00a0 \u00ab Vanuatu, les Iles aux cochons \u00bb pour Mona Lisa Production (52\u2019)\u2013 Diffusion\u00a0: France 5 \u00a0, Ushuaia TV , France 3 Lorraine<\/strong><\/p>\n\n\n\n<p class=\"has-titan-white-color has-text-color\" style=\"font-size:25px\"><strong>Ce film a obtenu le\u00a0 \u00ab\u00a0Merit Award for Presentation of Cultural Issues\u00a0\u00bb au 5eme festival du film de \u00a0Montana CINE International \u00ad\u00a0\u00e0 Missoula,\u00a0USA\u00a0en octobre 2008<\/strong><\/p>\n\n\n\n<p class=\"has-titan-white-color has-text-color\" style=\"font-size:25px\"><strong>R\u00e9alisateur\/Cam\u00e9raman du documentaire \u00abLA GRANDE ASCENSION\u00bb pour Mona Lisa Production (52\u2019 ) Diffusion\u00a0: Cap Canal<\/strong><\/p>\n\n\n\n<p class=\"has-titan-white-color has-text-color\" style=\"font-size:25px\"><strong>R\u00e9alisateur\/Cam\u00e9raman d\u2019un film de 5 mn&nbsp; pour l\u2019exposition \u00ab&nbsp;La Loire,&nbsp; dessus, dessous&nbsp;\u00bb, Mus\u00e9e de la Loire de Cosne-sur-Loire et de la Marine de Loire de Ch\u00e2teauneuf-sur-Loire<\/strong><\/p>\n\n\n\n<p class=\"has-titan-white-color has-text-color\" style=\"font-size:25px\"><strong>R\u00e9alisateur\/Cam\u00e9raman du film \u00ab Pueri Cantores \u00bb pour la Compagnie Lyonnaise de Cin\u00e9ma CLC (52\u2019)- Diffusion : T\u00e9l\u00e9 Lyon M\u00e9tropole<\/strong><\/p>\n","protected":false},"excerpt":{"rendered":"<p>R\u00e9alisateur\/Cam\u00e9raman du documentaire\u00a0 \u00ab Vanuatu, les Iles aux cochons \u00bb pour Mona Lisa Production (52\u2019)\u2013 Diffusion\u00a0: France 5 \u00a0, Ushuaia TV , France 3 Lorraine Ce film a obtenu le\u00a0 \u00ab\u00a0Merit Award for Presentation of Cultural Issues\u00a0\u00bb au 5eme festival du film de \u00a0Montana CINE International \u00ad\u00a0\u00e0 Missoula,\u00a0USA\u00a0en octobre 2008 [&hellip;]<\/p>\n","protected":false},"author":3,"featured_media":81,"parent":0,"menu_order":4,"comment_status":"closed","ping_status":"closed","template":"","meta":{"footnotes":""},"class_list":["post-54","page","type-page","status-publish","has-post-thumbnail","hentry"],"jetpack_sharing_enabled":true,"_links":{"self":[{"href":"http:\/\/www.jean-pierre-rivalain.com\/fr_fr\/wp-json\/wp\/v2\/pages\/54","targetHints":{"allow":["GET"]}}],"collection":[{"href":"http:\/\/www.jean-pierre-rivalain.com\/fr_fr\/wp-json\/wp\/v2\/pages"}],"about":[{"href":"http:\/\/www.jean-pierre-rivalain.com\/fr_fr\/wp-json\/wp\/v2\/types\/page"}],"author":[{"embeddable":true,"href":"http:\/\/www.jean-pierre-rivalain.com\/fr_fr\/wp-json\/wp\/v2\/users\/3"}],"replies":[{"embeddable":true,"href":"http:\/\/www.jean-pierre-rivalain.com\/fr_fr\/wp-json\/wp\/v2\/comments?post=54"}],"version-history":[{"count":6,"href":"http:\/\/www.jean-pierre-rivalain.com\/fr_fr\/wp-json\/wp\/v2\/pages\/54\/revisions"}],"predecessor-version":[{"id":235,"href":"http:\/\/www.jean-pierre-rivalain.com\/fr_fr\/wp-json\/wp\/v2\/pages\/54\/revisions\/235"}],"wp:featuredmedia":[{"embeddable":true,"href":"http:\/\/www.jean-pierre-rivalain.com\/fr_fr\/wp-json\/wp\/v2\/media\/81"}],"wp:attachment":[{"href":"http:\/\/www.jean-pierre-rivalain.com\/fr_fr\/wp-json\/wp\/v2\/media?parent=54"}],"curies":[{"name":"wp","href":"https:\/\/api.w.org\/{rel}","templated":true}]}}

Réalisation de Documentaire

<p class="has-titan-white-color has-text-color" style="font-size:25px"><strong>Réalisateur/Caméraman du documentaire  « Vanuatu, les Iles aux cochons » pour Mona Lisa Production (52’)– Diffusion : France 5  , Ushuaia TV , France 3 Lorraine</strong></p>



<p class="has-titan-white-color has-text-color" style="font-size:25px"><strong>Ce film a obtenu le  « Merit Award for Presentation of Cultural Issues » au 5eme festival du film de  Montana CINE International ­ à Missoula, USA en octobre 2008</strong></p>



<p class="has-titan-white-color has-text-color" style="font-size:25px"><strong>Réalisateur/Caméraman du documentaire «LA GRANDE ASCENSION» pour Mona Lisa Production (52’ ) Diffusion : Cap Canal</strong></p>



<p class="has-titan-white-color has-text-color" style="font-size:25px"><strong>Réalisateur/Caméraman d’un film de 5 mn&nbsp; pour l’exposition «&nbsp;La Loire,&nbsp; dessus, dessous&nbsp;», Musée de la Loire de Cosne-sur-Loire et de la Marine de Loire de Châteauneuf-sur-Loire</strong></p>



<p class="has-titan-white-color has-text-color" style="font-size:25px"><strong>Réalisateur/Caméraman du film « Pueri Cantores » pour la Compagnie Lyonnaise de Cinéma CLC (52’)- Diffusion : Télé Lyon Métropole</strong></p>

<p>Réalisateur/Caméraman du documentaire  « Vanuatu, les Iles aux cochons » pour Mona Lisa Production (52’)– Diffusion : France 5  , Ushuaia TV , France 3 Lorraine Ce film a obtenu le  « Merit Award for Presentation of Cultural Issues » au 5eme festival du film de  Montana CINE International ­ à Missoula, USA en octobre 2008 [&hellip;]</p>
